 m**3 - 5*m**2 - 34. Let z be n(6). Suppose 0 = z*h - 22*h + 3200. What is the hundreds digit of h?
1
Suppose 145*o + 5*l = 146*o - 8742, 2*o - l = 17529. What is the units digit of o?
7
Suppose -2*m + 21 - 5 = 0. Let h be (24/(-15))/(m/(-20)). Suppose 24 + 8 = h*p. What is the units digit of p?
8
Suppose -30*a + 292050 = -0*a. What is the tens digit of 1 + a/10 - 1/2?
7
Let a be ((-357)/6)/(-5 + (-21)/(-4)). Let c = a - -524. What is the units digit of c?
6
Let x be 1 - (3 + 3 + -4). Let k be (4 - 0) + -4 + x. What is the units digit of 3*(k - 0) + 18?
5
What is the tens digit of (-174930)/(-9) - ((-5)/(-30)*2)/(-1)?
3
Let h be (-24)/(-30) + 324/45. Suppose -14*m = -h*m - 2010. What is the tens digit of m?
3
Suppose 4*b = -2*q + 6, 6 = -b + q - 3*q. Suppose -h = -4*d - 229, -6*h + 3*h + 703 = -b*d. What is the tens digit of h?
3
Let d(f) = 23*f**2 - 165*f - 12. What is the units digit of d(35)?
8
Suppose 18 = -3*s + 4*j, 5*j - 15 = 3*s + 2*j. Let q be ((-9)/(-12))/((-78)/(-3224)). What is the units digit of s/(0 + (-2)/q)?
1
Let d(s) = 2*s + 12. Let f be d(-4). Suppose -h + 405 = -4*n + 1993, f*n - 3*h - 1596 = 0. What is the tens digit of n?
9
Let s = 18402 - 11008. What is the thousands digit of s?
7
Suppose 0 = -2*i + 5 + 7. Let z(v) = 25*v + 1 + v**3 + 6 - 2*v**2 - 37*v. What is the units digit of z(i)?
9
Suppose -h = 13*h. What is the hundreds digit of (h + 6/(-8))*(48 + -2076)?
5
Let f be 2/1 - 2 - 288. Let s = -42 - f. What is the tens digit of s?
4
Let b = -2462 - -4359. Suppose 2*r = b - 313. What is the units digit of r?
2
Let v be 4*(1/(-4) - (-40)/8). Let b(s) = -2*s**2 + 33*s + 23. Let j(r) = 2*r**2 - 32*r - 23. Let u(x) = 6*b(x) + 5*j(x). What is the units digit of u(v)?
3
Let k = -474 + 915. Suppose 0 = -13*h + k + 950. What is the hundreds digit of h?
1
Let j(x) = 902*x + 25. Let w(q) = -901*q - 26. Let d(l) = 3*j(l) + 2*w(l). What is the hundreds digit of d(1)?
9
Let u = 105 + -75. Suppose 5*a + u = 215. What is the units digit of a?
7
Let l = 30 - 10. Suppose l*o - 18*o = 3038. What is the thousands digit of o?
1
Let g = 0 + 21. Let i be (-473)/7 - g/49. What is the units digit of 475/9 + 4 + i/18?
3
Let m(t) = -t**3 + 4*t**2 + 13*t - 6. Let l be m(6). Let d(j) = -j. Let f(q) = 10*q - 74. Let u(r) = -14*d(r) - 2*f(r). What is the hundreds digit of u(l)?
1
Suppose 4*x - 584 = 3*x. Let i = 1119 - x. Suppose 8*n + i = 1671. What is the units digit of n?
2
Let j be 11933/4 - 0 - (-6)/(-24). Suppose -j - 1000 = -7*l. What is the tens digit of l?
6
Let i(f) = f**2 - 14*f - 11. Let w be i(16). Suppose -w = -5*p + 4. Suppose -9*u = -p*u - 264. What is the units digit of u?
6
Suppose i = 6 - 5. Let q(r) = 11*r**3 + r**2. Let p(b) = -23*b**3 - 2*b**2. Let a(d) = -3*p(d) - 5*q(d). What is the tens digit of a(i)?
1
Let z be 2/((-2)/187)*(2 + -1). Let r = 107 + z. Let k = 19 - r. What is the units digit of k?
9
Let s(o) = -7*o + 58. Let u(f) = f**2 - 27*f + 58. Let j be u(25). What is the units digit of s(j)?
2
Suppose 16*n - 17*n + 250 = -m, 0 = -3*n - 3*m + 768. Suppose -55 + n = 11*o. What is the tens digit of o?
1
Let j(l) = 4*l**2 + 9*l - 8. Let f(r) = r**3 - 4*r**2 - 9*r + 7. Let c(v) = 4*f(v) + 5*j(v). What is the tens digit of c(3)?
5
Let r be (-571)/4 - (-11)/(-44). Let t = r + 534. What is the units digit of t?
1
Let f = -19 + 40. Let u = -227 + 244. Let i = f - u. What is the units digit of i?
4
Let y(s) = 26279*s + 247. What is the tens digit of y(1)?
2
Suppose -3*k = -3*i + 60, -2*i + 5*k - 12 = -4*i. Suppose i - 480 = -8*c. Suppose 5*m + c = q - 77, 3*q + 2*m - 371 = 0. What is the units digit of q?
5
Suppose 8*v = v + 14. Suppose 2*f = 2*b - 18, -v*f - 3 = -5*f. Suppose -b*y + 668 = 68. What is the tens digit of y?
6
Let f = -2419 - -24539. What is the tens digit of f?
2
Suppose -2*f = 2*f + 8. Let k(l) = -16*l**3 + 3*l**2 + 3*l + 2. What is the hundreds digit of k(f)?
1
Let o = -166 + 168. Suppose 4*u + 836 = o*f, -4*u = -f - 2*f + 1250. What is the hundreds digit of f?
4
Let i = -81 + 94. Suppose -1331 = -i*t + 905. What is the tens digit of t?
7
Let r = -24 - -8. Let m(c) = 2 - 5*c**2 + 14 - 19*c - 7*c**2 + 11*c**2. What is the tens digit of m(r)?
6
Suppose -23*o + 91 = -18*o - 2*j, 0 = 4*o + 4*j - 56. Suppose 4*q - 1144 = -3*y, 19*q = o*q - 10. What is the hundreds digit of y?
3
Let b = 2917 + -4219. Let a = -332 - b. What is the tens digit of a?
7
Suppose 20*k - 5415 = 5*k. Let h = 11 + -8. Suppose h*s - k = 176. What is the hundreds digit of s?
1
Let m = 10626 - 6350. Suppose -22*n + 740 = -m. What is the tens digit of n?
2
Let a(v) = -10*v + 5. Let s be a(-3). Suppose 3*w - 3*x - s = 10, -w + 5*x = -35. Suppose w*c = 1150 - 200. What is the units digit of c?
5
Suppose 275 = 11*s - 110. Suppose 5*f + 4*u + s = 0, -3*f - 4*u = -4*f - 7. Let g(d) = d**3 + 15*d**2 + 24*d - 2. What is the hundreds digit of g(f)?
2
Let t(p) = -8*p. Let g be t(-2). Suppose 580 = -6*x + g*x. Suppose v = -x + 238. What is the units digit of v?
0
Let v(w) = w**2 + 21*w + 95. Suppose -2*l - 5*g + 59 = 0, 47 = 4*l + 5*g - 66. What is the units digit of v(l)?
1
Let d(s) = 156*s**2 + 77*s - 895. What is the hundreds digit of d(9)?
4
What is the units digit of 2104*(3/((-30)/4) - (-5928)/9120)?
6
Let l = 10879 - -1010. What is the thousands digit of l?
1
Suppose 3*c + 4*c = 4179. Let s = 200 - 185. What is the tens digit of (c/s)/(3/15)?
9
Let r(j) = -j**2 + j + 122. Let k be r(-11). Suppose -6*a + 5*a + 42 = 0. Let g = a + k. What is the tens digit of g?
3
Let c(r) = 130*r - 1135. What is the thousands digit of c(48)?
5
Let s(g) = -g + 20. Let v be s(15). Let i be (5170/(-25) - 4) + (-1)/v. Let t = -148 - i. What is the tens digit of t?
6
Suppose -271*a + 262*a = -54918. What is the tens digit of a?
0
What is the thousands digit of (-16)/(-20)*((-8)/100 - (-960756)/75)?
0
Let r = 138 + -136. What is the hundreds digit of ((-1 - 2) + 3 - -305)*r?
6
What is the tens digit of 72 - ((-130)/26 + -2 + 0)?
7
Suppose m = 18*m - 102. Suppose -2*z + 808 = 2*l, m*l = l - z + 2036. Suppose -7*f = -f - l. What is the units digit of f?
8
Let z(l) = -763*l + 3236. What is the hundreds digit of z(-40)?
7
Let m be -3*195/(-27) - 2/(-6). What is the tens digit of (-2)/(-4) - 23*(-363)/m?
8
Suppose -34*x + 240436 = -381016. What is the ten thousands digit of x?
1
Let y = -294 + 284. What is the units digit of 36/y*(-220)/22?
6
Suppose -2*p + 32 = -6. Suppose l - 2*x = 4, 4*l + 2*x = -3 + p. Suppose 0 = -4*a - 2*z + 66, a + l*z - 3*z - 16 = 0. What is the units digit of a?
7
Let s(l) = -74*l - 10. Suppose -w - 6*z + z = -22, 4*w = 2*z. Suppose -w*f + 11*f = -18. What is the units digit of s(f)?
8
Let u(s) = 85*s + 14. Let x(o) = -681*o - 111. Let f(j) = 33*u(j) + 4*x(j). What is the tens digit of f(4)?
4
Suppose 5*g - 31328 = 4*k + 9011, -3*k = -4*g + 32271. What is the thousands digit of g?
8
Suppose -h = -y - 2588, 11*h - 8*h = -5*y + 7740. What is the units digit of h?
5
Suppose -9 + 3 = -h. Suppose 0 = -5*a - h - 4. What is the units digit of -2*(-3 + 33/a)?
9
Let n = 835 - 323. Let u = n - -15. What is the units digit of u?
7
Let c(r) = -660*r - 154. What is the thousands digit of c(-9)?
5
Let m(j) = j**2 - 7*j + 9. Let r be m(6). Let p(l) be the third derivative of l**6/40 + l**5/60 - l**3 - 297*l**2. What is the units digit of p(r)?
4
Suppose 18*s - 20*s - 33846 = -5*r, -3*r - 4*s + 20292 = 0. What is the units digit of r?
8
Suppose -2*m - 5*t + 1126 = -5*m, -m - 5*t = 362. Let p = m + 693. What is the units digit of p?
1
Let v(l) = -l**2 - 6*l - 1. Let k be v(-5). Let s(t) = -t**3 - 26*t**2 + 50*t + 861. Let a be s(-26). What is the units digit of a/(-4) + k/16?
0
What is the tens digit of (-1518)/(-5)*(3 - -12)?
5
Let q(k) = 20*k + 4. Let r be q(-1). Let t be (2/(-9))/(r/24)*81. Suppose -186 = 25*f - t*f. What is the tens digit of f?
9
Let f(c) = 5*c - 1. Let s(i) = 2*i - 1. Let t(b) = 3*f(b) - 7*s(b). Let l be t(-2). Suppose -3*q = -l - 10, 247 = 5*g + 3*q. What is the units digit of g?
7
Suppose 16 = 5*m - 4. Let k be 5 + 3 + (4 - m). Suppose -167 = k*v - 1791. What is the tens digit of v?
0
Suppose -146 - 22 = 3*m. Let s be (4*4/m)/(2/(-28)). Suppose -60 = -6*b + s*b. What is the units digit of b?
0
Let m(n) = -2*n + 8. Let k(v) = -v**2 - 11*v - 25.